{"id":551,"date":"2014-07-27T12:46:04","date_gmt":"2014-07-27T10:46:04","guid":{"rendered":"http:\/\/accrodjazz.fr\/WordPress3\/?page_id=551"},"modified":"2025-07-30T23:53:00","modified_gmt":"2025-07-30T21:53:00","slug":"precedents-concerts","status":"publish","type":"page","link":"http:\/\/accrodjazz.fr\/WordPress3\/precedents-concerts\/","title":{"rendered":"Pr\u00e9c\u00e9dents concerts"},"content":{"rendered":"<div style=\"background-image: url('http:\/\/accrodjazz.fr\/WordPress3\/wp-content\/uploads\/2014\/08\/image-fond-bulles-4.jpg');background-repeat: repeat;\">\n<p><strong>Voix sur Berges, le dimanche 29 juin 2025<\/strong> au Canal Saint Martin, Paris 10\u00e8me<\/p>\n\n\n<div class=\"wp-block-image\">\n<figure class=\"aligncenter size-large is-resized\"><a href=\"https:\/\/accrodjazz.fr\/WordPress3\/wp-content\/uploads\/2025\/07\/IMG_2118b-scaled.jpg\"><img decoding=\"async\" loading=\"lazy\" src=\"https:\/\/accrodjazz.fr\/WordPress3\/wp-content\/uploads\/2025\/07\/IMG_2118b-1024x683.jpg\" alt=\"\" class=\"wp-image-3963\" width=\"373\" height=\"248\" srcset=\"http:\/\/accrodjazz.fr\/WordPress3\/wp-content\/uploads\/2025\/07\/IMG_2118b-1024x683.jpg 1024w, http:\/\/accrodjazz.fr\/WordPress3\/wp-content\/uploads\/2025\/07\/IMG_2118b-300x200.jpg 300w, http:\/\/accrodjazz.fr\/WordPress3\/wp-content\/uploads\/2025\/07\/IMG_2118b-768x512.jpg 768w, http:\/\/accrodjazz.fr\/WordPress3\/wp-content\/uploads\/2025\/07\/IMG_2118b-1536x1024.jpg 1536w, http:\/\/accrodjazz.fr\/WordPress3\/wp-content\/uploads\/2025\/07\/IMG_2118b-2048x1365.jpg 2048w\" sizes=\"(max-width: 373px) 100vw, 373px\" \/><\/a><\/figure><\/div>\n\n\n<p><strong>F\u00eate de la musique, le samedi 21 juin<\/strong> 2025, au magasin Citibike \u00e0 14 all\u00e9e de Corse, \u00e0 Nanterre, puis une d\u00e9ambulation pour chanter devant d\u2019autres magasins et on termine par un pot \u00e0 Citibike. Merci \u00e0 notre alto Guillemette pour l&rsquo;organisation.<\/p>\n\n\n\n<figure class=\"wp-block-image size-large is-resized\"><a href=\"https:\/\/accrodjazz.fr\/WordPress3\/wp-content\/uploads\/2025\/06\/PHOTO-2025-06-21-20-55-26.jpg\"><img decoding=\"async\" loading=\"lazy\" src=\"https:\/\/accrodjazz.fr\/WordPress3\/wp-content\/uploads\/2025\/06\/PHOTO-2025-06-21-20-55-26-1024x577.jpg\" alt=\"\" class=\"wp-image-3952\" width=\"339\" height=\"191\" srcset=\"http:\/\/accrodjazz.fr\/WordPress3\/wp-content\/uploads\/2025\/06\/PHOTO-2025-06-21-20-55-26-1024x577.jpg 1024w, http:\/\/accrodjazz.fr\/WordPress3\/wp-content\/uploads\/2025\/06\/PHOTO-2025-06-21-20-55-26-300x169.jpg 300w, http:\/\/accrodjazz.fr\/WordPress3\/wp-content\/uploads\/2025\/06\/PHOTO-2025-06-21-20-55-26-768x432.jpg 768w, http:\/\/accrodjazz.fr\/WordPress3\/wp-content\/uploads\/2025\/06\/PHOTO-2025-06-21-20-55-26-1536x865.jpg 1536w, http:\/\/accrodjazz.fr\/WordPress3\/wp-content\/uploads\/2025\/06\/PHOTO-2025-06-21-20-55-26.jpg 2000w\" sizes=\"(max-width: 339px) 100vw, 339px\" \/><\/a><\/figure>\n\n\n\n<p><strong>Concert \u00e0 la r\u00e9sidence s\u00e9niors<\/strong> les Jardins d&rsquo;Arcadie, le dimanche 18 mai<br>Direction Cynthia Kaiser<br>Accompagn\u00e9 \u00e0 l&rsquo;accord\u00e9on par Martine Deschamps<\/p>\n\n\n\n<figure class=\"wp-block-image size-large is-resized\"><a href=\"https:\/\/accrodjazz.fr\/WordPress3\/wp-content\/uploads\/2025\/06\/aa007333-3cbd-4963-a88c-fb89d64f2aee.jpg\"><img decoding=\"async\" loading=\"lazy\" src=\"https:\/\/accrodjazz.fr\/WordPress3\/wp-content\/uploads\/2025\/06\/aa007333-3cbd-4963-a88c-fb89d64f2aee-1024x768.jpg\" alt=\"\" class=\"wp-image-3932\" width=\"334\" height=\"250\" srcset=\"http:\/\/accrodjazz.fr\/WordPress3\/wp-content\/uploads\/2025\/06\/aa007333-3cbd-4963-a88c-fb89d64f2aee-1024x768.jpg 1024w, http:\/\/accrodjazz.fr\/WordPress3\/wp-content\/uploads\/2025\/06\/aa007333-3cbd-4963-a88c-fb89d64f2aee-300x225.jpg 300w, http:\/\/accrodjazz.fr\/WordPress3\/wp-content\/uploads\/2025\/06\/aa007333-3cbd-4963-a88c-fb89d64f2aee-768x576.jpg 768w, http:\/\/accrodjazz.fr\/WordPress3\/wp-content\/uploads\/2025\/06\/aa007333-3cbd-4963-a88c-fb89d64f2aee-1536x1152.jpg 1536w, http:\/\/accrodjazz.fr\/WordPress3\/wp-content\/uploads\/2025\/06\/aa007333-3cbd-4963-a88c-fb89d64f2aee.jpg 1600w\" sizes=\"(max-width: 334px) 100vw, 334px\" \/><\/a><\/figure>\n\n\n\n<p><strong>26e Printemps Vocal de Pierrelaye<\/strong>, le dimanche 16 mars <strong>&nbsp;<\/strong><br>\u00e0 l\u2019Eglise Saint-Jean-Baptiste \u00e0 Pierrelaye 95<br>Direction Marie-\u00c9lisabeth Floquet <br>Accompagn\u00e9 \u00e0 la contrebasse par Michel Costandi<br>Un beau moment de partage avec les autres chorales.<\/p>\n\n\n\n<figure class=\"wp-block-image size-large is-resized\"><a href=\"http:\/\/accrodjazz.fr\/WordPress3\/wp-content\/uploads\/2025\/02\/flyer_printemps_2025-petit.jpg\"><img decoding=\"async\" loading=\"lazy\" src=\"http:\/\/accrodjazz.fr\/WordPress3\/wp-content\/uploads\/2025\/02\/flyer_printemps_2025-petit-724x1024.jpg\" alt=\"\" class=\"wp-image-3890\" width=\"220\" height=\"311\" srcset=\"http:\/\/accrodjazz.fr\/WordPress3\/wp-content\/uploads\/2025\/02\/flyer_printemps_2025-petit-724x1024.jpg 724w, http:\/\/accrodjazz.fr\/WordPress3\/wp-content\/uploads\/2025\/02\/flyer_printemps_2025-petit-212x300.jpg 212w, http:\/\/accrodjazz.fr\/WordPress3\/wp-content\/uploads\/2025\/02\/flyer_printemps_2025-petit-768x1087.jpg 768w, http:\/\/accrodjazz.fr\/WordPress3\/wp-content\/uploads\/2025\/02\/flyer_printemps_2025-petit.jpg 1000w\" sizes=\"(max-width: 220px) 100vw, 220px\" \/><\/a><\/figure>\n\n\n\n<p><strong>Mus\u00e9o Jazz<\/strong>, le samedi 1er f\u00e9vrier <br>au th\u00e9\u00e2tre Edmond Rostand \u00e0 Rueil-Malmaison<br>Direction&nbsp;: Marie-\u00c9lisabeth Floquet<br>Piano&nbsp;: Laurent Epstein, Contrebasse&nbsp;: Michel Costandi<br>Images et effets sonores : Rachel Picard<br>Le jazz se prom\u00e8ne au mus\u00e9e. Les morceaux de jazz \u00e9taient illustr\u00e9s par des oeuvres d&rsquo;art projet\u00e9es sur fond de sc\u00e8ne. Des lectures de textes : extraits de livres, de chansons, etc. se sont gliss\u00e9es entre les morceaux. <a href=\"http:\/\/accrodjazz.fr\/WordPress3\/photos-museo-jazz-fevrier-2025\/\" target=\"_blank\" rel=\"noopener\" title=\"\">Voir les photos.<\/a><\/p>\n\n\n\n<figure class=\"wp-block-image size-large is-resized\"><a href=\"http:\/\/accrodjazz.fr\/WordPress3\/wp-content\/uploads\/2025\/01\/Affiche-finale-small-scaled.jpg\"><img decoding=\"async\" loading=\"lazy\" src=\"http:\/\/accrodjazz.fr\/WordPress3\/wp-content\/uploads\/2025\/01\/Affiche-finale-small-724x1024.jpg\" alt=\"\" class=\"wp-image-3883\" width=\"270\" height=\"381\" srcset=\"http:\/\/accrodjazz.fr\/WordPress3\/wp-content\/uploads\/2025\/01\/Affiche-finale-small-724x1024.jpg 724w, http:\/\/accrodjazz.fr\/WordPress3\/wp-content\/uploads\/2025\/01\/Affiche-finale-small-212x300.jpg 212w, http:\/\/accrodjazz.fr\/WordPress3\/wp-content\/uploads\/2025\/01\/Affiche-finale-small-768x1086.jpg 768w, http:\/\/accrodjazz.fr\/WordPress3\/wp-content\/uploads\/2025\/01\/Affiche-finale-small-1086x1536.jpg 1086w, http:\/\/accrodjazz.fr\/WordPress3\/wp-content\/uploads\/2025\/01\/Affiche-finale-small-1448x2048.jpg 1448w, http:\/\/accrodjazz.fr\/WordPress3\/wp-content\/uploads\/2025\/01\/Affiche-finale-small-scaled.jpg 1810w\" sizes=\"(max-width: 270px) 100vw, 270px\" \/><\/a><\/figure>\n\n\n\n<p><strong>Le dimanche 23 octobre<\/strong> 2025, double concert : d&rsquo;abord \u00e0 l&rsquo;EHPAD Julia Stell accompagn\u00e9 \u00e0 l&rsquo;accord\u00e9on par Martine Deschamps, puis \u00e0 la F\u00eate des Vendanges \/ Brocante de Buzenval.<\/p>\n\n\n\n<figure class=\"wp-block-image size-large is-resized\"><a href=\"http:\/\/accrodjazz.fr\/WordPress3\/wp-content\/uploads\/2025\/02\/2024-10-13FeteVendanges.jpg\"><img decoding=\"async\" loading=\"lazy\" src=\"http:\/\/accrodjazz.fr\/WordPress3\/wp-content\/uploads\/2025\/02\/2024-10-13FeteVendanges-1024x478.jpg\" alt=\"\" class=\"wp-image-3900\" width=\"407\" height=\"189\" srcset=\"http:\/\/accrodjazz.fr\/WordPress3\/wp-content\/uploads\/2025\/02\/2024-10-13FeteVendanges-1024x478.jpg 1024w, http:\/\/accrodjazz.fr\/WordPress3\/wp-content\/uploads\/2025\/02\/2024-10-13FeteVendanges-300x140.jpg 300w, http:\/\/accrodjazz.fr\/WordPress3\/wp-content\/uploads\/2025\/02\/2024-10-13FeteVendanges-768x359.jpg 768w, http:\/\/accrodjazz.fr\/WordPress3\/wp-content\/uploads\/2025\/02\/2024-10-13FeteVendanges-1536x717.jpg 1536w, http:\/\/accrodjazz.fr\/WordPress3\/wp-content\/uploads\/2025\/02\/2024-10-13FeteVendanges.jpg 2000w\" sizes=\"(max-width: 407px) 100vw, 407px\" \/><\/a><\/figure>\n\n\n\n<p><strong>Concert \u00e0 la Maison des Ch\u00eanes<\/strong> partag\u00e9 avec l&rsquo;octet Octave ! le samedi 29 juin. Morceau en commun : Hallelujah. Et dans la foul\u00e9e, une prestation sur commande aux anniversaires d&rsquo;Ulrike et de Fr\u00e9d\u00e9ric \u00e0 la Petite Malmaison.<\/p>\n\n\n\n<figure class=\"wp-block-image size-large\"><a href=\"http:\/\/accrodjazz.fr\/WordPress3\/wp-content\/uploads\/2025\/02\/2024-06-30MaisonChenes.jpg\"><img decoding=\"async\" loading=\"lazy\" width=\"1024\" height=\"497\" src=\"http:\/\/accrodjazz.fr\/WordPress3\/wp-content\/uploads\/2025\/02\/2024-06-30MaisonChenes-1024x497.jpg\" alt=\"\" class=\"wp-image-3898\" srcset=\"http:\/\/accrodjazz.fr\/WordPress3\/wp-content\/uploads\/2025\/02\/2024-06-30MaisonChenes-1024x497.jpg 1024w, http:\/\/accrodjazz.fr\/WordPress3\/wp-content\/uploads\/2025\/02\/2024-06-30MaisonChenes-300x146.jpg 300w, http:\/\/accrodjazz.fr\/WordPress3\/wp-content\/uploads\/2025\/02\/2024-06-30MaisonChenes-768x373.jpg 768w, http:\/\/accrodjazz.fr\/WordPress3\/wp-content\/uploads\/2025\/02\/2024-06-30MaisonChenes-1536x746.jpg 1536w, http:\/\/accrodjazz.fr\/WordPress3\/wp-content\/uploads\/2025\/02\/2024-06-30MaisonChenes.jpg 1600w\" sizes=\"(max-width: 1024px) 100vw, 1024px\" \/><\/a><\/figure>\n\n\n\n<figure class=\"wp-block-image size-large\"><a href=\"http:\/\/accrodjazz.fr\/WordPress3\/wp-content\/uploads\/2025\/02\/2024-06-30FredUlrike.jpg\"><img decoding=\"async\" loading=\"lazy\" width=\"1024\" height=\"461\" src=\"http:\/\/accrodjazz.fr\/WordPress3\/wp-content\/uploads\/2025\/02\/2024-06-30FredUlrike-1024x461.jpg\" alt=\"\" class=\"wp-image-3899\" srcset=\"http:\/\/accrodjazz.fr\/WordPress3\/wp-content\/uploads\/2025\/02\/2024-06-30FredUlrike-1024x461.jpg 1024w, http:\/\/accrodjazz.fr\/WordPress3\/wp-content\/uploads\/2025\/02\/2024-06-30FredUlrike-300x135.jpg 300w, http:\/\/accrodjazz.fr\/WordPress3\/wp-content\/uploads\/2025\/02\/2024-06-30FredUlrike-768x346.jpg 768w, http:\/\/accrodjazz.fr\/WordPress3\/wp-content\/uploads\/2025\/02\/2024-06-30FredUlrike-1536x691.jpg 1536w, http:\/\/accrodjazz.fr\/WordPress3\/wp-content\/uploads\/2025\/02\/2024-06-30FredUlrike.jpg 1600w\" sizes=\"(max-width: 1024px) 100vw, 1024px\" \/><\/a><\/figure>\n\n\n\n<p><strong>Voix sur Berges<\/strong>, le dimanche 23 juin au Canal Saint Martin, Paris 10e<\/p>\n\n\n\n<figure class=\"wp-block-image size-large is-resized\"><a href=\"http:\/\/accrodjazz.fr\/WordPress3\/wp-content\/uploads\/2025\/02\/2024-06-23VoixsurBerges.jpg\"><img decoding=\"async\" loading=\"lazy\" src=\"http:\/\/accrodjazz.fr\/WordPress3\/wp-content\/uploads\/2025\/02\/2024-06-23VoixsurBerges-1024x768.jpg\" alt=\"\" class=\"wp-image-3897\" width=\"384\" height=\"287\" srcset=\"http:\/\/accrodjazz.fr\/WordPress3\/wp-content\/uploads\/2025\/02\/2024-06-23VoixsurBerges-1024x768.jpg 1024w, http:\/\/accrodjazz.fr\/WordPress3\/wp-content\/uploads\/2025\/02\/2024-06-23VoixsurBerges-300x225.jpg 300w, http:\/\/accrodjazz.fr\/WordPress3\/wp-content\/uploads\/2025\/02\/2024-06-23VoixsurBerges-768x576.jpg 768w, http:\/\/accrodjazz.fr\/WordPress3\/wp-content\/uploads\/2025\/02\/2024-06-23VoixsurBerges-1536x1152.jpg 1536w, http:\/\/accrodjazz.fr\/WordPress3\/wp-content\/uploads\/2025\/02\/2024-06-23VoixsurBerges.jpg 2048w\" sizes=\"(max-width: 384px) 100vw, 384px\" \/><\/a><\/figure>\n\n\n\n<p><strong>La F\u00eate de la musique<\/strong> \u00e0 Rueil, le 20 juin, sous un ciel gris et mena\u00e7ant, \u00e0 c\u00f4t\u00e9 de la M\u00e9diath\u00e8que, Passage Schneider, et derri\u00e8re l&rsquo;ancienne Mairie.<\/p>\n\n\n\n<figure class=\"wp-block-image size-large is-resized\"><a href=\"http:\/\/accrodjazz.fr\/WordPress3\/wp-content\/uploads\/2025\/02\/2024-06-20FetedelaMusique2.jpg\"><img decoding=\"async\" loading=\"lazy\" src=\"http:\/\/accrodjazz.fr\/WordPress3\/wp-content\/uploads\/2025\/02\/2024-06-20FetedelaMusique2-1024x768.jpg\" alt=\"\" class=\"wp-image-3896\" width=\"380\" height=\"284\" srcset=\"http:\/\/accrodjazz.fr\/WordPress3\/wp-content\/uploads\/2025\/02\/2024-06-20FetedelaMusique2-1024x768.jpg 1024w, http:\/\/accrodjazz.fr\/WordPress3\/wp-content\/uploads\/2025\/02\/2024-06-20FetedelaMusique2-300x225.jpg 300w, http:\/\/accrodjazz.fr\/WordPress3\/wp-content\/uploads\/2025\/02\/2024-06-20FetedelaMusique2-768x576.jpg 768w, http:\/\/accrodjazz.fr\/WordPress3\/wp-content\/uploads\/2025\/02\/2024-06-20FetedelaMusique2-1536x1152.jpg 1536w, http:\/\/accrodjazz.fr\/WordPress3\/wp-content\/uploads\/2025\/02\/2024-06-20FetedelaMusique2.jpg 2000w\" sizes=\"(max-width: 380px) 100vw, 380px\" \/><\/a><\/figure>\n\n\n\n<p><strong>Concert \u00e0 l\u2019EHPAD Arpavie<\/strong>&nbsp;\u00e0 Rueil-Malmaison en janvier 2024<\/p>\n\n\n\n<p><strong>Viens t&rsquo;balader, le samedi 2 d\u00e9cembre 2023 \u00e0 20h30 \u00e0 Edmond Rostand, 20 Bd Edmond Rostand \u00e0 Rueil-Malmaison. <\/strong><\/p>\n\n\n\n<p>Direction&nbsp;: Marie-\u00c9lisabeth Floquet<br>Piano&nbsp;: Laurent Epstein, Contrebasse&nbsp;: Michel Costandi<br>Venez vous balader avec <em>Mon v\u00e9lo <\/em>sur les routes du Tour, prenez le train de New York \u00e0 Chattanooga avec le <em>Chattanooga Choo Choo<\/em>, ou traversez <em>Green Dolphin Street<\/em> quand <em>La Pluie fait des claquettes<\/em>.<br>Vous allez voyager avec les choristes d\u2019<strong>Accro d\u2019Jazz<\/strong> accompagn\u00e9s au piano et \u00e0 la contrebasse, dans leur nouveau spectacle \u00ab&nbsp;VIENS T\u2019BALADER&nbsp;\u00bb ponctu\u00e9 de sketchs humoristiques. Vous sortirez de la salle avec une envie de crier <em>Hallelujah<\/em> ou peut-\u00eatre m\u00eame <em>Merry Christmas&nbsp;!<\/em> <br><a href=\"http:\/\/accrodjazz.fr\/WordPress3\/photos-viens-tbalader-decembre-2023\/\" target=\"_blank\" rel=\"noopener\" title=\"\">Voir les photos.<\/a><\/p>\n\n\n\n<figure class=\"wp-block-image size-full is-resized\"><a href=\"http:\/\/accrodjazz.fr\/WordPress3\/wp-content\/uploads\/2023\/10\/Viens-tbalader-petit-1.jpg\"><img decoding=\"async\" loading=\"lazy\" src=\"http:\/\/accrodjazz.fr\/WordPress3\/wp-content\/uploads\/2023\/10\/Viens-tbalader-petit-1.jpg\" alt=\"\" class=\"wp-image-3790\" width=\"250\" height=\"353\" \/><\/a><\/figure>\n\n\n\n<p><strong>Le dimanche, 17 d\u00e9cembre 2023 \u00e0 16h au Conservatoire de Bezons<\/strong><\/p>\n\n\n\n<figure class=\"wp-block-image size-large\"><a href=\"http:\/\/accrodjazz.fr\/WordPress3\/wp-content\/uploads\/2024\/03\/IMG_0740A-scaled.jpg\"><img decoding=\"async\" loading=\"lazy\" width=\"1024\" height=\"321\" src=\"http:\/\/accrodjazz.fr\/WordPress3\/wp-content\/uploads\/2024\/03\/IMG_0740A-1024x321.jpg\" alt=\"\" class=\"wp-image-3825\" srcset=\"http:\/\/accrodjazz.fr\/WordPress3\/wp-content\/uploads\/2024\/03\/IMG_0740A-1024x321.jpg 1024w, http:\/\/accrodjazz.fr\/WordPress3\/wp-content\/uploads\/2024\/03\/IMG_0740A-300x94.jpg 300w, http:\/\/accrodjazz.fr\/WordPress3\/wp-content\/uploads\/2024\/03\/IMG_0740A-768x241.jpg 768w, http:\/\/accrodjazz.fr\/WordPress3\/wp-content\/uploads\/2024\/03\/IMG_0740A-1536x481.jpg 1536w, http:\/\/accrodjazz.fr\/WordPress3\/wp-content\/uploads\/2024\/03\/IMG_0740A-2048x642.jpg 2048w\" sizes=\"(max-width: 1024px) 100vw, 1024px\" \/><\/a><\/figure>\n\n\n\n<p><strong><a href=\"https:\/\/www.facebook.com\/reel\/292300426521667\" target=\"_blank\" rel=\"noopener\" title=\"\"><span>Voix<b> sur <\/b><\/span>berges<\/a>,<\/strong> le dimanche 25 juin 2023 au Canal Saint Martin, Paris 10e, par une journ\u00e9e bien chaude et joyeuse. Cliquez sur le lien pour voir un extrait.<\/p>\n\n\n\n<p><strong>La f\u00eate de la musique<\/strong> le mercredi 21 juin 2023 \u00e0 20h30 dans le centre de Rueil-Malmaison \u00e0 nos emplacements f\u00e9tiches : all\u00e9e de Bourrienne et passage Arcole.<\/p>\n\n\n\n<p><strong>Brocante Libert\u00e9 \u00e0 Suresnes, <\/strong>le 2 avril 2023 \u00e0 15h, place Marcel Le Gras, notre premier concert avec Marie-Elisabeth Floquet, accompagn\u00e9 au piano par Laurent Epstein. <a href=\"https:\/\/fb.watch\/nSnhAcFBeT\/\" target=\"_blank\" rel=\"noopener\" title=\"\">Pour voir un extrait<\/a>.<\/p>\n\n\n\n<p><strong>Voix sur Berges<\/strong>, le dimanche 26 juin 2022 de 14h \u00e0 19h au Canal Saint Martin, Paris 10e<\/p>\n\n\n\n<p><b>Concert de jazz vocal le jeudi, 23 juin 2022 \u00e0 20h30 \u00e0 la Maison de quartier des Ch\u00eanes,&nbsp;5 rue L.R. Nougier, Suresnes<br><\/b><\/p>\n\n\n<div class=\"wp-block-image\">\n<figure class=\"alignleft\"><a href=\"http:\/\/accrodjazz.fr\/WordPress3\/wp-content\/uploads\/2022\/05\/Jazz-vocal2-copy.jpg\"><img decoding=\"async\" loading=\"lazy\" width=\"209\" height=\"300\" src=\"http:\/\/accrodjazz.fr\/WordPress3\/wp-content\/uploads\/2022\/05\/Jazz-vocal2-copy-209x300.jpg\" alt=\"\" class=\"wp-image-3683\" srcset=\"http:\/\/accrodjazz.fr\/WordPress3\/wp-content\/uploads\/2022\/05\/Jazz-vocal2-copy-209x300.jpg 209w, http:\/\/accrodjazz.fr\/WordPress3\/wp-content\/uploads\/2022\/05\/Jazz-vocal2-copy.jpg 566w\" sizes=\"(max-width: 209px) 100vw, 209px\" \/><\/a><\/figure><\/div>\n\n\n<p>Une reprise de Ca va, \u00e7a va ! avec quelques nouveaut\u00e9s, accompagn\u00e9 au piano par Mathieu Ben Hassen.<br>En premi\u00e8re partie les \u00e9l\u00e8ves de guitare de la Maison des Ch\u00eanes et un duo de percussions de Philippe Serisier<\/p>\n\n\n\n<p><strong>La f\u00eate de la musique<\/strong> le mardi 21 juin 2022 \u00e0 20h30 dans le centre de Rueil-Malmaison. Accro d&rsquo;Jazz a chant\u00e9 all\u00e9e de Bourrienne et au passage Arcole<\/p>\n\n\n<div class=\"wp-block-image\">\n<figure class=\"alignleft\"><a href=\"http:\/\/accrodjazz.fr\/WordPress3\/wp-content\/uploads\/2022\/02\/Ca-va-Ca-va.jpg\"><img decoding=\"async\" loading=\"lazy\" width=\"215\" height=\"300\" src=\"http:\/\/accrodjazz.fr\/WordPress3\/wp-content\/uploads\/2022\/02\/Ca-va-Ca-va-215x300.jpg\" alt=\"\" class=\"wp-image-3657\" srcset=\"http:\/\/accrodjazz.fr\/WordPress3\/wp-content\/uploads\/2022\/02\/Ca-va-Ca-va-215x300.jpg 215w, http:\/\/accrodjazz.fr\/WordPress3\/wp-content\/uploads\/2022\/02\/Ca-va-Ca-va.jpg 595w\" sizes=\"(max-width: 215px) 100vw, 215px\" \/><\/a><\/figure><\/div>\n\n\n<p><b>Ca va, \u00e7a va !, le samedi, 26 mars 2022 \u00e0 20h45 au Centre Culturel Edmond Rostand,<br>20 boulevard Edmond Rostand, Rueil-Malmaison<\/b><br>Accro d&rsquo;Jazz vous propose du jazz vocal accompagn\u00e9 au piano par Laurent Epstein,<br>et invite A&rsquo;mus 440, un choeur de jeunes femmes sous la direction d&rsquo;Alice Morieux, accompagn\u00e9 par Michael Liard<\/p>\n\n\n\n<p><\/p>\n\n\n\n<p><\/p>\n\n\n\n<p><\/p>\n<\/div>","protected":false},"excerpt":{"rendered":"<p>Voix sur Berges, le dimanche 29 juin 2025 au Canal Saint Martin, Paris 10\u00e8me F\u00eate de la musique, le samedi 21 juin 2025, au magasin Citibike \u00e0 14 all\u00e9e de Corse, \u00e0 Nanterre, puis une d\u00e9ambulation pour chanter devant d\u2019autres magasins et on termine par un pot \u00e0 Citibike. Merci \u00e0 notre alto Guillemette pour &hellip; <a href=\"http:\/\/accrodjazz.fr\/WordPress3\/precedents-concerts\/\" class=\"more-link\">Continuer la lecture de <span class=\"screen-reader-text\">Pr\u00e9c\u00e9dents concerts<\/span> <span class=\"meta-nav\">&rarr;<\/span><\/a><\/p>\n","protected":false},"author":1,"featured_media":0,"parent":0,"menu_order":0,"comment_status":"closed","ping_status":"closed","template":"","meta":[],"aioseo_notices":[],"_links":{"self":[{"href":"http:\/\/accrodjazz.fr\/WordPress3\/wp-json\/wp\/v2\/pages\/551"}],"collection":[{"href":"http:\/\/accrodjazz.fr\/WordPress3\/wp-json\/wp\/v2\/pages"}],"about":[{"href":"http:\/\/accrodjazz.fr\/WordPress3\/wp-json\/wp\/v2\/types\/page"}],"author":[{"embeddable":true,"href":"http:\/\/accrodjazz.fr\/WordPress3\/wp-json\/wp\/v2\/users\/1"}],"replies":[{"embeddable":true,"href":"http:\/\/accrodjazz.fr\/WordPress3\/wp-json\/wp\/v2\/comments?post=551"}],"version-history":[{"count":115,"href":"http:\/\/accrodjazz.fr\/WordPress3\/wp-json\/wp\/v2\/pages\/551\/revisions"}],"predecessor-version":[{"id":3964,"href":"http:\/\/accrodjazz.fr\/WordPress3\/wp-json\/wp\/v2\/pages\/551\/revisions\/3964"}],"wp:attachment":[{"href":"http:\/\/accrodjazz.fr\/WordPress3\/wp-json\/wp\/v2\/media?parent=551"}],"curies":[{"name":"wp","href":"https:\/\/api.w.org\/{rel}","templated":true}]}}