{"id":3770,"date":"2023-05-28T19:30:48","date_gmt":"2023-05-28T17:30:48","guid":{"rendered":"http:\/\/accrodjazz.fr\/WordPress3\/?page_id=3770"},"modified":"2023-05-28T19:50:02","modified_gmt":"2023-05-28T17:50:02","slug":"test","status":"publish","type":"page","link":"http:\/\/accrodjazz.fr\/WordPress3\/test\/","title":{"rendered":"Photos Ca va, ca va (mars 2022)"},"content":{"rendered":"<div style=\"background-repeat: no-repeat;\"><p><em>Ca va, \u00e7a va<\/em>, concert donn\u00e9 au th\u00e9\u00e2tre Edmond Rostand en mars 2022 sous la direction de Tom Rinaudo et accompagn\u00e9 au piano par Laurent Epstein. Nous partageons le concert avec les A&rsquo;Mus 440 sous la direction d&rsquo;Alice Morieux. Photos prises par Marc Antoine.<\/p>\n<div data-carousel-extra='{\"blog_id\":1,\"permalink\":\"http:\\\/\\\/accrodjazz.fr\\\/WordPress3\\\/test\\\/\",\"likes_blog_id\":false}' id='gallery-1' class='gallery galleryid-3770 gallery-columns-3 gallery-size-thumbnail'><figure class='gallery-item'>\n\t\t\t<div class='gallery-icon landscape'>\n\t\t\t\t<a href='http:\/\/accrodjazz.fr\/WordPress3\/13saluts-copy\/'><img width=\"150\" height=\"150\" src=\"http:\/\/accrodjazz.fr\/WordPress3\/wp-content\/uploads\/2023\/01\/13Saluts-copy-150x150.jpg\" class=\"attachment-thumbnail size-thumbnail\" alt=\"\" decoding=\"async\" loading=\"lazy\" data-attachment-id=\"3723\" data-orig-file=\"http:\/\/accrodjazz.fr\/WordPress3\/wp-content\/uploads\/2023\/01\/13Saluts-copy.jpg\" data-orig-size=\"1333,800\" data-comments-opened=\"0\" data-image-meta=\"{&quot;aperture&quot;:&quot;4&quot;,&quot;credit&quot;:&quot;Marc ANTOINE&quot;,&quot;camera&quot;:&quot;Canon PowerShot G7 X Mark II&quot;,&quot;caption&quot;:&quot;&quot;,&quot;created_timestamp&quot;:&quot;1648328550&quot;,&quot;copyright&quot;:&quot;&quot;,&quot;focal_length&quot;:&quot;36.8&quot;,&quot;iso&quot;:&quot;8000&quot;,&quot;shutter_speed&quot;:&quot;0.002&quot;,&quot;title&quot;:&quot;&quot;,&quot;orientation&quot;:&quot;1&quot;,&quot;keywords&quot;:&quot;Array&quot;}\" data-image-title=\"13Saluts copy\" data-image-description=\"\" data-medium-file=\"http:\/\/accrodjazz.fr\/WordPress3\/wp-content\/uploads\/2023\/01\/13Saluts-copy-300x180.jpg\" data-large-file=\"http:\/\/accrodjazz.fr\/WordPress3\/wp-content\/uploads\/2023\/01\/13Saluts-copy-1024x615.jpg\" \/><\/a>\n\t\t\t<\/div><\/figure><figure class='gallery-item'>\n\t\t\t<div class='gallery-icon landscape'>\n\t\t\t\t<a href='http:\/\/accrodjazz.fr\/WordPress3\/12tutti-copy\/'><img width=\"150\" height=\"150\" src=\"http:\/\/accrodjazz.fr\/WordPress3\/wp-content\/uploads\/2023\/01\/12Tutti-copy-150x150.jpg\" class=\"attachment-thumbnail size-thumbnail\" alt=\"\" decoding=\"async\" loading=\"lazy\" data-attachment-id=\"3722\" data-orig-file=\"http:\/\/accrodjazz.fr\/WordPress3\/wp-content\/uploads\/2023\/01\/12Tutti-copy.jpg\" data-orig-size=\"2000,626\" data-comments-opened=\"0\" data-image-meta=\"{&quot;aperture&quot;:&quot;4&quot;,&quot;credit&quot;:&quot;Marc ANTOINE&quot;,&quot;camera&quot;:&quot;Canon PowerShot G7 X Mark II&quot;,&quot;caption&quot;:&quot;&quot;,&quot;created_timestamp&quot;:&quot;1648328533&quot;,&quot;copyright&quot;:&quot;&quot;,&quot;focal_length&quot;:&quot;8.8&quot;,&quot;iso&quot;:&quot;8000&quot;,&quot;shutter_speed&quot;:&quot;0.008&quot;,&quot;title&quot;:&quot;&quot;,&quot;orientation&quot;:&quot;1&quot;,&quot;keywords&quot;:&quot;Array&quot;}\" data-image-title=\"12Tutti copy\" data-image-description=\"\" data-medium-file=\"http:\/\/accrodjazz.fr\/WordPress3\/wp-content\/uploads\/2023\/01\/12Tutti-copy-300x94.jpg\" data-large-file=\"http:\/\/accrodjazz.fr\/WordPress3\/wp-content\/uploads\/2023\/01\/12Tutti-copy-1024x321.jpg\" \/><\/a>\n\t\t\t<\/div><\/figure><figure class='gallery-item'>\n\t\t\t<div class='gallery-icon portrait'>\n\t\t\t\t<a href='http:\/\/accrodjazz.fr\/WordPress3\/10tom-conducting2-copy-2\/'><img width=\"150\" height=\"150\" src=\"http:\/\/accrodjazz.fr\/WordPress3\/wp-content\/uploads\/2023\/01\/10Tom-conducting2-copy-150x150.jpg\" class=\"attachment-thumbnail size-thumbnail\" alt=\"\" decoding=\"async\" loading=\"lazy\" data-attachment-id=\"3721\" data-orig-file=\"http:\/\/accrodjazz.fr\/WordPress3\/wp-content\/uploads\/2023\/01\/10Tom-conducting2-copy.jpg\" data-orig-size=\"1000,1500\" data-comments-opened=\"0\" data-image-meta=\"{&quot;aperture&quot;:&quot;2.8&quot;,&quot;credit&quot;:&quot;Marc ANTOINE&quot;,&quot;camera&quot;:&quot;Canon PowerShot G7 X Mark II&quot;,&quot;caption&quot;:&quot;&quot;,&quot;created_timestamp&quot;:&quot;1648327441&quot;,&quot;copyright&quot;:&quot;&quot;,&quot;focal_length&quot;:&quot;36.8&quot;,&quot;iso&quot;:&quot;8000&quot;,&quot;shutter_speed&quot;:&quot;0.008&quot;,&quot;title&quot;:&quot;&quot;,&quot;orientation&quot;:&quot;1&quot;,&quot;keywords&quot;:&quot;Array&quot;}\" data-image-title=\"10Tom-conducting2 copy\" data-image-description=\"\" data-medium-file=\"http:\/\/accrodjazz.fr\/WordPress3\/wp-content\/uploads\/2023\/01\/10Tom-conducting2-copy-200x300.jpg\" data-large-file=\"http:\/\/accrodjazz.fr\/WordPress3\/wp-content\/uploads\/2023\/01\/10Tom-conducting2-copy-683x1024.jpg\" \/><\/a>\n\t\t\t<\/div><\/figure><figure class='gallery-item'>\n\t\t\t<div class='gallery-icon landscape'>\n\t\t\t\t<a href='http:\/\/accrodjazz.fr\/WordPress3\/7basses-copy\/'><img width=\"150\" height=\"150\" src=\"http:\/\/accrodjazz.fr\/WordPress3\/wp-content\/uploads\/2023\/01\/7Basses-copy-150x150.jpg\" class=\"attachment-thumbnail size-thumbnail\" alt=\"\" decoding=\"async\" loading=\"lazy\" data-attachment-id=\"3720\" data-orig-file=\"http:\/\/accrodjazz.fr\/WordPress3\/wp-content\/uploads\/2023\/01\/7Basses-copy.jpg\" data-orig-size=\"1333,1000\" data-comments-opened=\"0\" data-image-meta=\"{&quot;aperture&quot;:&quot;2.8&quot;,&quot;credit&quot;:&quot;Marc ANTOINE&quot;,&quot;camera&quot;:&quot;Canon PowerShot G7 X Mark II&quot;,&quot;caption&quot;:&quot;&quot;,&quot;created_timestamp&quot;:&quot;1648327095&quot;,&quot;copyright&quot;:&quot;&quot;,&quot;focal_length&quot;:&quot;36.8&quot;,&quot;iso&quot;:&quot;5000&quot;,&quot;shutter_speed&quot;:&quot;0.01&quot;,&quot;title&quot;:&quot;&quot;,&quot;orientation&quot;:&quot;1&quot;,&quot;keywords&quot;:&quot;Array&quot;}\" data-image-title=\"7Basses copy\" data-image-description=\"\" data-medium-file=\"http:\/\/accrodjazz.fr\/WordPress3\/wp-content\/uploads\/2023\/01\/7Basses-copy-300x225.jpg\" data-large-file=\"http:\/\/accrodjazz.fr\/WordPress3\/wp-content\/uploads\/2023\/01\/7Basses-copy-1024x768.jpg\" \/><\/a>\n\t\t\t<\/div><\/figure><figure class='gallery-item'>\n\t\t\t<div class='gallery-icon landscape'>\n\t\t\t\t<a href='http:\/\/accrodjazz.fr\/WordPress3\/6sops-copy\/'><img width=\"150\" height=\"150\" src=\"http:\/\/accrodjazz.fr\/WordPress3\/wp-content\/uploads\/2023\/01\/6Sops-copy-150x150.jpg\" class=\"attachment-thumbnail size-thumbnail\" alt=\"\" decoding=\"async\" loading=\"lazy\" data-attachment-id=\"3719\" data-orig-file=\"http:\/\/accrodjazz.fr\/WordPress3\/wp-content\/uploads\/2023\/01\/6Sops-copy.jpg\" data-orig-size=\"1250,1000\" data-comments-opened=\"0\" data-image-meta=\"{&quot;aperture&quot;:&quot;2.8&quot;,&quot;credit&quot;:&quot;Marc ANTOINE&quot;,&quot;camera&quot;:&quot;Canon PowerShot G7 X Mark II&quot;,&quot;caption&quot;:&quot;&quot;,&quot;created_timestamp&quot;:&quot;1648327002&quot;,&quot;copyright&quot;:&quot;&quot;,&quot;focal_length&quot;:&quot;32.249&quot;,&quot;iso&quot;:&quot;5000&quot;,&quot;shutter_speed&quot;:&quot;0.033333333333333&quot;,&quot;title&quot;:&quot;&quot;,&quot;orientation&quot;:&quot;1&quot;,&quot;keywords&quot;:&quot;Array&quot;}\" data-image-title=\"6Sops copy\" data-image-description=\"\" data-medium-file=\"http:\/\/accrodjazz.fr\/WordPress3\/wp-content\/uploads\/2023\/01\/6Sops-copy-300x240.jpg\" data-large-file=\"http:\/\/accrodjazz.fr\/WordPress3\/wp-content\/uploads\/2023\/01\/6Sops-copy-1024x819.jpg\" \/><\/a>\n\t\t\t<\/div><\/figure><figure class='gallery-item'>\n\t\t\t<div class='gallery-icon landscape'>\n\t\t\t\t<a href='http:\/\/accrodjazz.fr\/WordPress3\/5alti-copy-2\/'><img width=\"150\" height=\"150\" src=\"http:\/\/accrodjazz.fr\/WordPress3\/wp-content\/uploads\/2023\/01\/5Alti-copy-150x150.jpg\" class=\"attachment-thumbnail size-thumbnail\" alt=\"\" decoding=\"async\" loading=\"lazy\" data-attachment-id=\"3718\" data-orig-file=\"http:\/\/accrodjazz.fr\/WordPress3\/wp-content\/uploads\/2023\/01\/5Alti-copy.jpg\" data-orig-size=\"1500,1000\" data-comments-opened=\"0\" data-image-meta=\"{&quot;aperture&quot;:&quot;2.8&quot;,&quot;credit&quot;:&quot;Marc ANTOINE&quot;,&quot;camera&quot;:&quot;Canon PowerShot G7 X Mark II&quot;,&quot;caption&quot;:&quot;&quot;,&quot;created_timestamp&quot;:&quot;1648326350&quot;,&quot;copyright&quot;:&quot;&quot;,&quot;focal_length&quot;:&quot;31.63&quot;,&quot;iso&quot;:&quot;5000&quot;,&quot;shutter_speed&quot;:&quot;0.005&quot;,&quot;title&quot;:&quot;&quot;,&quot;orientation&quot;:&quot;1&quot;,&quot;keywords&quot;:&quot;Array&quot;}\" data-image-title=\"5Alti copy\" data-image-description=\"\" data-medium-file=\"http:\/\/accrodjazz.fr\/WordPress3\/wp-content\/uploads\/2023\/01\/5Alti-copy-300x200.jpg\" data-large-file=\"http:\/\/accrodjazz.fr\/WordPress3\/wp-content\/uploads\/2023\/01\/5Alti-copy-1024x683.jpg\" \/><\/a>\n\t\t\t<\/div><\/figure><figure class='gallery-item'>\n\t\t\t<div class='gallery-icon landscape'>\n\t\t\t\t<a href='http:\/\/accrodjazz.fr\/WordPress3\/4tom-au-micro-copy\/'><img width=\"150\" height=\"150\" src=\"http:\/\/accrodjazz.fr\/WordPress3\/wp-content\/uploads\/2023\/01\/4Tom-au-micro-copy-150x150.jpg\" class=\"attachment-thumbnail size-thumbnail\" alt=\"\" decoding=\"async\" loading=\"lazy\" srcset=\"http:\/\/accrodjazz.fr\/WordPress3\/wp-content\/uploads\/2023\/01\/4Tom-au-micro-copy-150x150.jpg 150w, http:\/\/accrodjazz.fr\/WordPress3\/wp-content\/uploads\/2023\/01\/4Tom-au-micro-copy-300x300.jpg 300w, http:\/\/accrodjazz.fr\/WordPress3\/wp-content\/uploads\/2023\/01\/4Tom-au-micro-copy-768x768.jpg 768w, http:\/\/accrodjazz.fr\/WordPress3\/wp-content\/uploads\/2023\/01\/4Tom-au-micro-copy.jpg 1000w\" sizes=\"(max-width: 150px) 100vw, 150px\" data-attachment-id=\"3717\" data-orig-file=\"http:\/\/accrodjazz.fr\/WordPress3\/wp-content\/uploads\/2023\/01\/4Tom-au-micro-copy.jpg\" data-orig-size=\"1000,1000\" data-comments-opened=\"0\" data-image-meta=\"{&quot;aperture&quot;:&quot;2.8&quot;,&quot;credit&quot;:&quot;Marc ANTOINE&quot;,&quot;camera&quot;:&quot;Canon PowerShot G7 X Mark II&quot;,&quot;caption&quot;:&quot;&quot;,&quot;created_timestamp&quot;:&quot;1648325954&quot;,&quot;copyright&quot;:&quot;&quot;,&quot;focal_length&quot;:&quot;36.8&quot;,&quot;iso&quot;:&quot;5000&quot;,&quot;shutter_speed&quot;:&quot;0.01&quot;,&quot;title&quot;:&quot;&quot;,&quot;orientation&quot;:&quot;1&quot;,&quot;keywords&quot;:&quot;Array&quot;}\" data-image-title=\"4Tom-au-micro copy\" data-image-description=\"\" data-medium-file=\"http:\/\/accrodjazz.fr\/WordPress3\/wp-content\/uploads\/2023\/01\/4Tom-au-micro-copy-300x300.jpg\" data-large-file=\"http:\/\/accrodjazz.fr\/WordPress3\/wp-content\/uploads\/2023\/01\/4Tom-au-micro-copy.jpg\" \/><\/a>\n\t\t\t<\/div><\/figure><figure class='gallery-item'>\n\t\t\t<div class='gallery-icon landscape'>\n\t\t\t\t<a href='http:\/\/accrodjazz.fr\/WordPress3\/3laurent-epstein-copy-2\/'><img width=\"150\" height=\"150\" src=\"http:\/\/accrodjazz.fr\/WordPress3\/wp-content\/uploads\/2023\/01\/3Laurent-Epstein-copy-150x150.jpg\" class=\"attachment-thumbnail size-thumbnail\" alt=\"\" decoding=\"async\" loading=\"lazy\" data-attachment-id=\"3716\" data-orig-file=\"http:\/\/accrodjazz.fr\/WordPress3\/wp-content\/uploads\/2023\/01\/3Laurent-Epstein-copy.jpg\" data-orig-size=\"1500,1000\" data-comments-opened=\"0\" data-image-meta=\"{&quot;aperture&quot;:&quot;2.8&quot;,&quot;credit&quot;:&quot;Marc ANTOINE&quot;,&quot;camera&quot;:&quot;Canon PowerShot G7 X Mark II&quot;,&quot;caption&quot;:&quot;&quot;,&quot;created_timestamp&quot;:&quot;1648325875&quot;,&quot;copyright&quot;:&quot;&quot;,&quot;focal_length&quot;:&quot;23.356&quot;,&quot;iso&quot;:&quot;5000&quot;,&quot;shutter_speed&quot;:&quot;0.01&quot;,&quot;title&quot;:&quot;&quot;,&quot;orientation&quot;:&quot;1&quot;,&quot;keywords&quot;:&quot;Array&quot;}\" data-image-title=\"3Laurent Epstein copy\" data-image-description=\"\" data-medium-file=\"http:\/\/accrodjazz.fr\/WordPress3\/wp-content\/uploads\/2023\/01\/3Laurent-Epstein-copy-300x200.jpg\" data-large-file=\"http:\/\/accrodjazz.fr\/WordPress3\/wp-content\/uploads\/2023\/01\/3Laurent-Epstein-copy-1024x683.jpg\" \/><\/a>\n\t\t\t<\/div><\/figure><figure class='gallery-item'>\n\t\t\t<div class='gallery-icon landscape'>\n\t\t\t\t<a href='http:\/\/accrodjazz.fr\/WordPress3\/2mezzotenors-copy\/'><img width=\"150\" height=\"150\" src=\"http:\/\/accrodjazz.fr\/WordPress3\/wp-content\/uploads\/2023\/01\/2Mezzotenors-copy-150x150.jpg\" class=\"attachment-thumbnail size-thumbnail\" alt=\"\" decoding=\"async\" loading=\"lazy\" data-attachment-id=\"3715\" data-orig-file=\"http:\/\/accrodjazz.fr\/WordPress3\/wp-content\/uploads\/2023\/01\/2Mezzotenors-copy.jpg\" data-orig-size=\"1781,1000\" data-comments-opened=\"0\" data-image-meta=\"{&quot;aperture&quot;:&quot;2.8&quot;,&quot;credit&quot;:&quot;Marc ANTOINE&quot;,&quot;camera&quot;:&quot;Canon PowerShot G7 X Mark II&quot;,&quot;caption&quot;:&quot;&quot;,&quot;created_timestamp&quot;:&quot;1648325805&quot;,&quot;copyright&quot;:&quot;&quot;,&quot;focal_length&quot;:&quot;36.8&quot;,&quot;iso&quot;:&quot;3200&quot;,&quot;shutter_speed&quot;:&quot;0.0125&quot;,&quot;title&quot;:&quot;&quot;,&quot;orientation&quot;:&quot;1&quot;,&quot;keywords&quot;:&quot;Array&quot;}\" data-image-title=\"2Mezzo&amp;tenors copy\" data-image-description=\"\" data-medium-file=\"http:\/\/accrodjazz.fr\/WordPress3\/wp-content\/uploads\/2023\/01\/2Mezzotenors-copy-300x168.jpg\" data-large-file=\"http:\/\/accrodjazz.fr\/WordPress3\/wp-content\/uploads\/2023\/01\/2Mezzotenors-copy-1024x575.jpg\" \/><\/a>\n\t\t\t<\/div><\/figure><figure class='gallery-item'>\n\t\t\t<div class='gallery-icon landscape'>\n\t\t\t\t<a href='http:\/\/accrodjazz.fr\/WordPress3\/mus-440-copy\/'><img width=\"150\" height=\"150\" src=\"http:\/\/accrodjazz.fr\/WordPress3\/wp-content\/uploads\/2023\/01\/1Amus-440-copy-150x150.jpg\" class=\"attachment-thumbnail size-thumbnail\" alt=\"\" decoding=\"async\" loading=\"lazy\" data-attachment-id=\"3714\" data-orig-file=\"http:\/\/accrodjazz.fr\/WordPress3\/wp-content\/uploads\/2023\/01\/1Amus-440-copy.jpg\" data-orig-size=\"2000,731\" data-comments-opened=\"0\" data-image-meta=\"{&quot;aperture&quot;:&quot;4&quot;,&quot;credit&quot;:&quot;Marc ANTOINE&quot;,&quot;camera&quot;:&quot;Canon PowerShot G7 X Mark II&quot;,&quot;caption&quot;:&quot;&quot;,&quot;created_timestamp&quot;:&quot;1648325695&quot;,&quot;copyright&quot;:&quot;&quot;,&quot;focal_length&quot;:&quot;10.448&quot;,&quot;iso&quot;:&quot;3200&quot;,&quot;shutter_speed&quot;:&quot;0.016666666666667&quot;,&quot;title&quot;:&quot;&quot;,&quot;orientation&quot;:&quot;1&quot;,&quot;keywords&quot;:&quot;Array&quot;}\" data-image-title=\"&lsquo;mus 440 copy\" data-image-description=\"\" data-medium-file=\"http:\/\/accrodjazz.fr\/WordPress3\/wp-content\/uploads\/2023\/01\/1Amus-440-copy-300x110.jpg\" data-large-file=\"http:\/\/accrodjazz.fr\/WordPress3\/wp-content\/uploads\/2023\/01\/1Amus-440-copy-1024x374.jpg\" \/><\/a>\n\t\t\t<\/div><\/figure>\n\t\t<\/div>\n\n<\/div>","protected":false},"excerpt":{"rendered":"<p>Ca va, \u00e7a va, concert donn\u00e9 au th\u00e9\u00e2tre Edmond Rostand en mars 2022 sous la direction de Tom Rinaudo et accompagn\u00e9 au piano par Laurent Epstein. Nous partageons le concert avec les A&rsquo;Mus 440 sous la direction d&rsquo;Alice Morieux. Photos prises par Marc Antoine.<\/p>\n","protected":false},"author":3,"featured_media":0,"parent":0,"menu_order":0,"comment_status":"closed","ping_status":"closed","template":"","meta":[],"aioseo_notices":[],"_links":{"self":[{"href":"http:\/\/accrodjazz.fr\/WordPress3\/wp-json\/wp\/v2\/pages\/3770"}],"collection":[{"href":"http:\/\/accrodjazz.fr\/WordPress3\/wp-json\/wp\/v2\/pages"}],"about":[{"href":"http:\/\/accrodjazz.fr\/WordPress3\/wp-json\/wp\/v2\/types\/page"}],"author":[{"embeddable":true,"href":"http:\/\/accrodjazz.fr\/WordPress3\/wp-json\/wp\/v2\/users\/3"}],"replies":[{"embeddable":true,"href":"http:\/\/accrodjazz.fr\/WordPress3\/wp-json\/wp\/v2\/comments?post=3770"}],"version-history":[{"count":2,"href":"http:\/\/accrodjazz.fr\/WordPress3\/wp-json\/wp\/v2\/pages\/3770\/revisions"}],"predecessor-version":[{"id":3776,"href":"http:\/\/accrodjazz.fr\/WordPress3\/wp-json\/wp\/v2\/pages\/3770\/revisions\/3776"}],"wp:attachment":[{"href":"http:\/\/accrodjazz.fr\/WordPress3\/wp-json\/wp\/v2\/media?parent=3770"}],"curies":[{"name":"wp","href":"https:\/\/api.w.org\/{rel}","templated":true}]}}